{"id":41,"date":"2023-05-22T11:05:25","date_gmt":"2023-05-22T09:05:25","guid":{"rendered":"https:\/\/behr.sk\/citroen\/dunajska-streda\/?page_id=41"},"modified":"2026-02-17T15:40:13","modified_gmt":"2026-02-17T14:40:13","slug":"kontakt","status":"publish","type":"page","link":"https:\/\/behr.sk\/citroen\/dunajska-streda\/kontakt\/","title":{"rendered":"Kontakt"},"content":{"rendered":"<section class=\"l-section wpb_row height_medium\"><div class=\"l-section-h i-cf\"><div class=\"g-cols vc_row via_grid cols_1 laptops-cols_inherit tablets-cols_inherit mobiles-cols_1 valign_middle type_default stacking_default\"><div class=\"wpb_column vc_column_container\"><div class=\"vc_column-inner\"><h2 class=\"w-text us_custom_492179a4\"><span class=\"w-text-h\"><span class=\"w-text-value\">Kontaktujte n\u00e1s<\/span><\/span><\/h2><div class=\"wpb_text_column\"><div class=\"wpb_wrapper\"><p>Na\u0161a firma B\u00c9HR s. r. o. \u00a0je v\u00e1m k dispoz\u00edci\u00ed v Dunajskej Strede, tak nev\u00e1hajte a pr\u00ed\u010fte n\u00e1s nav\u0161t\u00edvi\u0165 do na\u0161ej predajne. Te\u0161\u00edme sa na V\u00e1s!<\/p>\n<\/div><\/div><div class=\"w-separator size_medium\"><\/div><div class=\"w-tabs layout_hor style_radio3 switch_click has_scrolling\" style=\"--sections-title-size:1em\"><div class=\"w-tabs-list items_1 align_none\"><div class=\"w-tabs-list-h\"><button class=\"w-tabs-item active\" aria-controls=\"content-gc4d\" aria-expanded=\"false\"><span class=\"w-tabs-item-title\">Prev\u00e1dzka Dunajsk\u00e1 Streda<\/span><\/button><\/div><\/div><div class=\"w-tabs-sections titles-align_none icon_chevron cpos_right\"><div class=\"w-tabs-section active\" id=\"gc4d\"><button class=\"w-tabs-section-header active\" aria-controls=\"content-gc4d\" aria-expanded=\"true\"><div class=\"w-tabs-section-title\">Prev\u00e1dzka Dunajsk\u00e1 Streda<\/div><div class=\"w-tabs-section-control\"><\/div><\/button><div  class=\"w-tabs-section-content\" id=\"content-gc4d\"><div class=\"w-tabs-section-content-h i-cf\"><section class=\"l-section wpb_row height_auto width_full\"><div class=\"l-section-h i-cf\"><div class=\"g-cols vc_row via_grid cols_2 laptops-cols_inherit tablets-cols_inherit mobiles-cols_1 valign_middle type_default stacking_default\"><div class=\"wpb_column vc_column_container\"><div class=\"vc_column-inner\"><div class=\"w-iconbox iconpos_left style_default color_primary align_left\"><div class=\"w-iconbox-icon\" style=\"font-size:2rem;\"><i class=\"fas fa-map-marker-alt\"><\/i><\/div><div class=\"w-iconbox-meta\"><h6 class=\"w-iconbox-title\">ADRESA<\/h6><div class=\"w-iconbox-text\"><p>Istv\u00e1na Gyurcs\u00f3a 36, 929 01 Dunajsk\u00e1 Streda<\/p>\n<\/div><\/div><\/div><div class=\"w-separator size_medium\"><\/div><div class=\"g-cols wpb_row kontaktHPIkonky via_grid cols_2 laptops-cols_inherit tablets-cols_inherit mobiles-cols_1 valign_top type_default stacking_default\" style=\"--columns-gap:3rem;\"><div class=\"wpb_column vc_column_container\"><div class=\"vc_column-inner\"><div class=\"w-iconbox iconpos_left style_default color_primary align_left\"><div class=\"w-iconbox-icon\" style=\"font-size:2rem;\"><i class=\"far fa-clock\"><\/i><\/div><div class=\"w-iconbox-meta\"><h6 class=\"w-iconbox-title\">OTV\u00c1RACIE HODINY<\/h6><div class=\"w-iconbox-text\"><p><strong>PREDAJ<\/strong><br \/>\nPondelok &#8211; Piatok: 8:00-17:00<br \/>\nSobota: 9:00-12:00<br \/>\nNede\u013ea: Zatvoren\u00e9<\/p>\n<\/div><\/div><\/div><\/div><\/div><div class=\"wpb_column vc_column_container\"><div class=\"vc_column-inner\"><div class=\"w-iconbox iconpos_left style_default color_primary align_left\"><div class=\"w-iconbox-icon\" style=\"font-size:2rem;\"><i class=\"far fa-clock\"><\/i><\/div><div class=\"w-iconbox-meta\"><h6 class=\"w-iconbox-title\">OTV\u00c1RACIE HODINY<\/h6><div class=\"w-iconbox-text\"><p><strong>SERVIS<\/strong><br \/>\nPondelok &#8211; Piatok: 8:00-17:00<br \/>\nSobota: 9:00-12:00<br \/>\nNede\u013ea: Zatvoren\u00e9<\/p>\n<\/div><\/div><\/div><\/div><\/div><div class=\"wpb_column vc_column_container\"><div class=\"vc_column-inner\"><div class=\"w-iconbox iconpos_left style_default color_primary align_left\"><div class=\"w-iconbox-icon\" style=\"font-size:2rem;\"><i class=\"fas fa-phone-alt\"><\/i><\/div><div class=\"w-iconbox-meta\"><h6 class=\"w-iconbox-title\">TELEF\u00d3N<\/h6><div class=\"w-iconbox-text\"><p><a href=\"tel: 0315515684\">031\/551 56 84<\/a><\/p>\n<p><a href=\"tel: 0315501513\">031\/550 15 13<\/a><\/p>\n<\/div><\/div><\/div><\/div><\/div><div class=\"wpb_column vc_column_container\"><div class=\"vc_column-inner\"><div class=\"w-iconbox iconpos_left style_default color_primary align_left\"><div class=\"w-iconbox-icon\" style=\"font-size:2rem;\"><i class=\"fas fa-envelope\"><\/i><\/div><div class=\"w-iconbox-meta\"><h6 class=\"w-iconbox-title\">E-MAIL<\/h6><div class=\"w-iconbox-text\"><p><a href=\"mailto:predajds@behr.sk\">predajds@behr.sk<\/a><\/p>\n<p><a href=\"mailto:officeds@behr.sk\">officeds@behr.sk<\/a><\/p>\n<p><a href=\"mailto:salonds@behr.sk\">salonds@behr.sk<\/a><\/p>\n<\/div><\/div><\/div><\/div><\/div><\/div><div class=\"w-separator size_small\"><\/div>[vc_raw_html]JTNDaWZyYW1lJTIwc3JjJTNEJTIyaHR0cHMlM0ElMkYlMkZ3d3cuZ29vZ2xlLmNvbSUyRm1hcHMlMkZlbWJlZCUzRnBiJTNEJTIxMW0xOCUyMTFtMTIlMjExbTMlMjExZDI2NjkuODM2ODQzMzM5OTY2JTIxMmQxNy42MjU4OTg0MTU2MDg4MTYlMjEzZDQ3Ljk5NzU0MDE3OTIxMjU4NSUyMTJtMyUyMTFmMCUyMTJmMCUyMTNmMCUyMTNtMiUyMTFpMTAyNCUyMTJpNzY4JTIxNGYxMy4xJTIxM20zJTIxMW0yJTIxMXMweDQ3NmI5ZDYyZGQzYTUwYTklMjUzQTB4MTU5YjFmOTJiN2I3ZTYyMyUyMTJzQXV0b3NlcnZpcyUyNTIwQiUyNUMzJTI1QTlociUyNTIwJTI1MjYlMjUyMEIlMjVDMyUyNUE5aHIlMjUyMC0lMjUyMEh5dW5kYWklMjE1ZTAlMjEzbTIlMjExc3NrJTIxMnNzayUyMTR2MTU5NTI1MjEzOTYzNyUyMTVtMiUyMTFzc2slMjEyc3NrJTIyJTIwd2lkdGglM0QlMjIxMDAlMjUlMjIlMjBoZWlnaHQlM0QlMjIyNTAlMjIlMjBmcmFtZWJvcmRlciUzRCUyMjAlMjIlMjBzdHlsZSUzRCUyMmJvcmRlciUzQTAlM0IlMjIlMjBhbGxvd2Z1bGxzY3JlZW4lM0QlMjIlMjIlMjBhcmlhLWhpZGRlbiUzRCUyMmZhbHNlJTIyJTIwdGFiaW5kZXglM0QlMjIwJTIyJTNFJTNDJTJGaWZyYW1lJTNF[\/vc_raw_html]<\/div><\/div><div class=\"wpb_column vc_column_container\"><div class=\"vc_column-inner\">\n<div class=\"wpcf7 no-js us_custom_9f82276f\" id=\"wpcf7-f7-o1\" lang=\"sk-SK\" dir=\"ltr\" data-wpcf7-id=\"7\">\n<div class=\"screen-reader-response\"><p role=\"status\" aria-live=\"polite\" aria-atomic=\"true\"><\/p> <ul><\/ul><\/div>\n<form action=\"\/citroen\/dunajska-streda\/wp-json\/wp\/v2\/pages\/41#wpcf7-f7-o1\" method=\"post\" class=\"wpcf7-form init\" aria-label=\"Kontaktn\u00fd formul\u00e1r\" novalidate=\"novalidate\" data-status=\"init\">\n<fieldset class=\"hidden-fields-container\"><input type=\"hidden\" name=\"_wpcf7\" value=\"7\" \/><input type=\"hidden\" name=\"_wpcf7_version\" value=\"6.1.4\" \/><input type=\"hidden\" name=\"_wpcf7_locale\" value=\"sk_SK\" \/><input type=\"hidden\" name=\"_wpcf7_unit_tag\" value=\"wpcf7-f7-o1\" \/><input type=\"hidden\" name=\"_wpcf7_container_post\" value=\"0\" \/><input type=\"hidden\" name=\"_wpcf7_posted_data_hash\" value=\"\" \/><input type=\"hidden\" name=\"_wpcf7dtx_version\" value=\"5.0.4\" \/>\n<\/fieldset>\n<div class=\"otherColumns\">\n\t<p><span class=\"wpcf7-form-control-wrap\" data-name=\"your-name\"><input size=\"40\" maxlength=\"400\" class=\"wpcf7-form-control wpcf7-text wpcf7-validates-as-required\" aria-required=\"true\" aria-invalid=\"false\" placeholder=\"Meno a priezvisko*\" value=\"\" type=\"text\" name=\"your-name\" \/><\/span>\n\t<\/p>\n<\/div>\n<div class=\"columnHalf\">\n\t<p><span class=\"wpcf7-form-control-wrap\" data-name=\"your-email\"><input size=\"40\" maxlength=\"400\" class=\"wpcf7-form-control wpcf7-email wpcf7-validates-as-required wpcf7-text wpcf7-validates-as-email\" aria-required=\"true\" aria-invalid=\"false\" placeholder=\"Emailov\u00e1 adresa*\" value=\"\" type=\"email\" name=\"your-email\" \/><\/span>\n\t<\/p>\n<\/div>\n<div class=\"columnHalf\">\n\t<p><span class=\"wpcf7-form-control-wrap\" data-name=\"telefon\"><input size=\"40\" maxlength=\"400\" class=\"wpcf7-form-control wpcf7-tel wpcf7-validates-as-required wpcf7-text wpcf7-validates-as-tel\" aria-required=\"true\" aria-invalid=\"false\" placeholder=\"Telef\u00f3n*\" value=\"\" type=\"tel\" name=\"telefon\" \/><\/span>\n\t<\/p>\n<\/div>\n<div class=\"otherColumns\">\n\t<p><span class=\"wpcf7-form-control-wrap\" data-name=\"your-message\"><textarea cols=\"40\" rows=\"10\" maxlength=\"2000\" class=\"wpcf7-form-control wpcf7-textarea\" aria-invalid=\"false\" placeholder=\"Va\u0161a spr\u00e1va...\" name=\"your-message\"><\/textarea><\/span>\n\t<\/p>\n<\/div>\n<div class=\"otherColumns\">\n\t<p><span class=\"wpcf7-form-control-wrap\" data-name=\"acceptance-432\"><span class=\"wpcf7-form-control wpcf7-acceptance\"><span class=\"wpcf7-list-item\"><label><input type=\"checkbox\" name=\"acceptance-432\" value=\"1\" aria-invalid=\"false\" \/><span class=\"wpcf7-list-item-label\">Zaslan\u00edm \u017eiadosti potvrdzujem, \u017ee som sa obozn\u00e1mil(a) so z\u00e1sadami sprac\u00favania osobn\u00fdch \u00fadajov<\/span><\/label><\/span><\/span><\/span>\n\t<\/p>\n<\/div>\n<p><input class=\"wpcf7-form-control wpcf7-cf7rfr_referrer cf7-rfr\" value=\"\" type=\"hidden\" name=\"page-of-origin\" \/>\n<\/p>\n<input class=\"wpcf7-form-control wpcf7-hidden\" value=\"DS\" type=\"hidden\" name=\"text\" \/>\n<div class=\"otherColumns\">\n\t<p><input class=\"wpcf7-form-control wpcf7-submit has-spinner\" type=\"submit\" value=\"Odosla\u0165\" \/>\n\t<\/p>\n<\/div><div class=\"wpcf7-response-output\" aria-hidden=\"true\"><\/div>\n<\/form>\n<\/div>\n<\/div><\/div><\/div><\/div><\/section>\n<div class=\"w-separator size_medium\"><\/div><h2 class=\"w-text us_custom_40824568\"><span class=\"w-text-h\"><span class=\"w-text-value\">N\u00e1\u0161 t\u00edm<\/span><\/span><\/h2><div class=\"g-cols wpb_row via_grid cols_5 laptops-cols_inherit tablets-cols_inherit mobiles-cols_1 valign_top type_default stacking_default\" style=\"--columns-gap:3rem;\"><div class=\"wpb_column vc_column_container\"><div class=\"vc_column-inner\"><div class=\"w-person us_custom_213e151c layout_trendy with_desc\" itemscope itemtype=\"https:\/\/schema.org\/Person\"><div class=\"w-person-image\"><img loading=\"lazy\" decoding=\"async\" width=\"683\" height=\"1024\" src=\"https:\/\/behr.sk\/citroen\/dunajska-streda\/wp-content\/uploads\/sites\/3\/2024\/02\/ladislav-fekete-scaled-1.jpg\" class=\"attachment-large size-large\" alt=\"\" itemprop=\"image\" srcset=\"https:\/\/behr.sk\/citroen\/dunajska-streda\/wp-content\/uploads\/sites\/3\/2024\/02\/ladislav-fekete-scaled-1.jpg 683w, https:\/\/behr.sk\/citroen\/dunajska-streda\/wp-content\/uploads\/sites\/3\/2024\/02\/ladislav-fekete-scaled-1-200x300.jpg 200w, https:\/\/behr.sk\/citroen\/dunajska-streda\/wp-content\/uploads\/sites\/3\/2024\/02\/ladislav-fekete-scaled-1-600x900.jpg 600w\" sizes=\"auto, (max-width: 683px) 100vw, 683px\" \/><\/div><div class=\"w-person-content\"><h4 itemprop=\"name\" class=\"w-person-name\"><span>Ladislav Fekete<\/span><\/h4><div class=\"w-person-role\" itemprop=\"jobTitle\">ved\u00faci servisu<\/div><\/div><div class=\"w-person-content-alt\"><div class=\"w-person-description\" itemprop=\"description\"><p><i class=\"fas fa-mobile-alt\"><\/i> Mobil:<br \/>\n<a href=\"tel:+421 904 266 552\">+421 904 266 552<\/a><br \/>\n<i class=\"fas fa-phone-alt\"><\/i> Tel:<br \/>\n<a href=\"tel:+421 31 5529496\">+421 31 5529496<\/a><br \/>\n<i class=\"fas fa-envelope\"><\/i> E-mail:<br \/>\n<a href=\"mailto:ptds@behr.sk\">ptds@behr.sk<\/a><\/p>\n<\/div><\/div><\/div><\/div><\/div><div class=\"wpb_column vc_column_container\"><div class=\"vc_column-inner\"><div class=\"w-person us_custom_213e151c layout_trendy with_desc\" itemscope itemtype=\"https:\/\/schema.org\/Person\"><div class=\"w-person-image\"><img loading=\"lazy\" decoding=\"async\" width=\"683\" height=\"1024\" src=\"https:\/\/behr.sk\/citroen\/dunajska-streda\/wp-content\/uploads\/sites\/3\/2024\/03\/zsolt-rostas.png\" class=\"attachment-large size-large\" alt=\"\" itemprop=\"image\" srcset=\"https:\/\/behr.sk\/citroen\/dunajska-streda\/wp-content\/uploads\/sites\/3\/2024\/03\/zsolt-rostas.png 683w, https:\/\/behr.sk\/citroen\/dunajska-streda\/wp-content\/uploads\/sites\/3\/2024\/03\/zsolt-rostas-200x300.png 200w, https:\/\/behr.sk\/citroen\/dunajska-streda\/wp-content\/uploads\/sites\/3\/2024\/03\/zsolt-rostas-600x900.png 600w\" sizes=\"auto, (max-width: 683px) 100vw, 683px\" \/><\/div><div class=\"w-person-content\"><h4 itemprop=\"name\" class=\"w-person-name\"><span>Ing. Zsolt Rost\u00e1s<\/span><\/h4><div class=\"w-person-role\" itemprop=\"jobTitle\">ved\u00faci predajca vozidiel<\/div><\/div><div class=\"w-person-content-alt\"><div class=\"w-person-description\" itemprop=\"description\"><p><i class=\"fas fa-mobile-alt\"><\/i> Mobil:<br \/>\n<a href=\"tel:+421948794330\">+421 948 794 330<\/a><br \/>\n<i class=\"fas fa-envelope\"><\/i> E-mail:<br \/>\n<a href=\"mailto:rostas@behr.sk\">rostas@behr.sk<\/a><\/p>\n<\/div><\/div><\/div><\/div><\/div><div class=\"wpb_column vc_column_container\"><div class=\"vc_column-inner\"><div class=\"w-person us_custom_213e151c layout_trendy with_desc\" itemscope itemtype=\"https:\/\/schema.org\/Person\"><div class=\"w-person-image\"><img loading=\"lazy\" decoding=\"async\" width=\"683\" height=\"1024\" src=\"https:\/\/behr.sk\/citroen\/dunajska-streda\/wp-content\/uploads\/sites\/3\/2024\/02\/mark-soos-scaled-1.jpg\" class=\"attachment-large size-large\" alt=\"\" itemprop=\"image\" srcset=\"https:\/\/behr.sk\/citroen\/dunajska-streda\/wp-content\/uploads\/sites\/3\/2024\/02\/mark-soos-scaled-1.jpg 683w, https:\/\/behr.sk\/citroen\/dunajska-streda\/wp-content\/uploads\/sites\/3\/2024\/02\/mark-soos-scaled-1-200x300.jpg 200w, https:\/\/behr.sk\/citroen\/dunajska-streda\/wp-content\/uploads\/sites\/3\/2024\/02\/mark-soos-scaled-1-600x900.jpg 600w\" sizes=\"auto, (max-width: 683px) 100vw, 683px\" \/><\/div><div class=\"w-person-content\"><h4 itemprop=\"name\" class=\"w-person-name\"><span>M\u00e1rk So\u00f3s<\/span><\/h4><div class=\"w-person-role\" itemprop=\"jobTitle\">predajca vozidiel<\/div><\/div><div class=\"w-person-content-alt\"><div class=\"w-person-description\" itemprop=\"description\"><p><i class=\"fas fa-mobile-alt\"><\/i> Mobil:<br \/>\n<a href=\"tel:+421 903 375 585\">+421 903 375 585<\/a><br \/>\n<i class=\"fas fa-phone-alt\"><\/i> Tel:<br \/>\n<a href=\"tel:+421 31 5515684\">+421 31 5515684<\/a><br \/>\n<i class=\"fas fa-envelope\"><\/i> E-mail:<br \/>\n<a href=\"mailto:salonds@behr.sk\">salonds@behr.sk<\/a><\/p>\n<\/div><\/div><\/div><\/div><\/div><div class=\"wpb_column vc_column_container\"><div class=\"vc_column-inner\"><div class=\"w-person us_custom_213e151c layout_trendy with_desc\" itemscope itemtype=\"https:\/\/schema.org\/Person\"><div class=\"w-person-image\"><img loading=\"lazy\" decoding=\"async\" width=\"683\" height=\"1024\" src=\"https:\/\/behr.sk\/citroen\/dunajska-streda\/wp-content\/uploads\/sites\/3\/2024\/02\/terezia-vighova-scaled-1.jpg\" class=\"attachment-large size-large\" alt=\"\" itemprop=\"image\" srcset=\"https:\/\/behr.sk\/citroen\/dunajska-streda\/wp-content\/uploads\/sites\/3\/2024\/02\/terezia-vighova-scaled-1.jpg 683w, https:\/\/behr.sk\/citroen\/dunajska-streda\/wp-content\/uploads\/sites\/3\/2024\/02\/terezia-vighova-scaled-1-200x300.jpg 200w, https:\/\/behr.sk\/citroen\/dunajska-streda\/wp-content\/uploads\/sites\/3\/2024\/02\/terezia-vighova-scaled-1-600x900.jpg 600w\" sizes=\"auto, (max-width: 683px) 100vw, 683px\" \/><\/div><div class=\"w-person-content\"><h4 itemprop=\"name\" class=\"w-person-name\"><span>Ter\u00e9zia V\u00edghov\u00e1<\/span><\/h4><div class=\"w-person-role\" itemprop=\"jobTitle\">predaj ND a pr\u00edslu\u0161enstva<\/div><\/div><div class=\"w-person-content-alt\"><div class=\"w-person-description\" itemprop=\"description\"><p><i class=\"fas fa-mobile-alt\"><\/i> Mobil:<br \/>\n<a href=\"tel:+421 910 369 648\">+421 910 369 648<\/a><br \/>\n<i class=\"fas fa-phone-alt\"><\/i> Tel:<br \/>\n<a href=\"tel:+421 31 5529496\">+421 31 5529496<\/a><br \/>\n<i class=\"fas fa-envelope\"><\/i> E-mail:<br \/>\n<a href=\"mailto:garancieds@behr.sk\">garancieds@behr.sk<\/a><\/p>\n<\/div><\/div><\/div><\/div><\/div><div class=\"wpb_column vc_column_container\"><div class=\"vc_column-inner\"><div class=\"w-person us_custom_213e151c layout_trendy with_desc\" itemscope itemtype=\"https:\/\/schema.org\/Person\"><div class=\"w-person-image\"><img loading=\"lazy\" decoding=\"async\" width=\"683\" height=\"1024\" src=\"https:\/\/behr.sk\/citroen\/dunajska-streda\/wp-content\/uploads\/sites\/3\/2024\/02\/gabriel-bartal-scaled-1.jpg\" class=\"attachment-large size-large\" alt=\"\" itemprop=\"image\" srcset=\"https:\/\/behr.sk\/citroen\/dunajska-streda\/wp-content\/uploads\/sites\/3\/2024\/02\/gabriel-bartal-scaled-1.jpg 683w, https:\/\/behr.sk\/citroen\/dunajska-streda\/wp-content\/uploads\/sites\/3\/2024\/02\/gabriel-bartal-scaled-1-200x300.jpg 200w, https:\/\/behr.sk\/citroen\/dunajska-streda\/wp-content\/uploads\/sites\/3\/2024\/02\/gabriel-bartal-scaled-1-600x900.jpg 600w\" sizes=\"auto, (max-width: 683px) 100vw, 683px\" \/><\/div><div class=\"w-person-content\"><h4 itemprop=\"name\" class=\"w-person-name\"><span>Gabriel Bartal<\/span><\/h4><div class=\"w-person-role\" itemprop=\"jobTitle\">garan\u010dn\u00fd technik<\/div><\/div><div class=\"w-person-content-alt\"><div class=\"w-person-description\" itemprop=\"description\"><p><i class=\"fas fa-mobile-alt\"><\/i> Mobil:<br \/>\n<a href=\"tel:+421 910 369 648\">+421 910 369 648<\/a><br \/>\n<i class=\"fas fa-phone-alt\"><\/i> Tel:<br \/>\n<a href=\"tel:+421 31 5529496\">+421 31 5529496<\/a><br \/>\n<i class=\"fas fa-envelope\"><\/i> E-mail:<br \/>\n<a href=\"mailto:skladds@behr.sk\">skladds@behr.sk<\/a><\/p>\n<\/div><\/div><\/div><\/div><\/div><\/div><\/div><\/div><\/div><\/div><\/div><\/div><\/div><\/div><\/div><\/section>\n","protected":false},"excerpt":{"rendered":"Kontaktujte n\u00e1sNa\u0161a firma B\u00c9HR s. r. o. \u00a0je v\u00e1m k dispoz\u00edci\u00ed v Dunajskej Strede, tak nev\u00e1hajte a pr\u00ed\u010fte n\u00e1s nav\u0161t\u00edvi\u0165 do na\u0161ej predajne. Te\u0161\u00edme sa na V\u00e1s! Prev\u00e1dzka Dunajsk\u00e1 StredaPrev\u00e1dzka Dunajsk\u00e1 StredaADRESAIstv\u00e1na Gyurcs\u00f3a 36, 929 01 Dunajsk\u00e1 Streda OTV\u00c1RACIE HODINYPREDAJ Pondelok &#8211; Piatok: 8:00-17:00 Sobota: 9:00-12:00 Nede\u013ea: Zatvoren\u00e9 OTV\u00c1RACIE HODINYSERVIS Pondelok &#8211; Piatok: 8:00-17:00 Sobota:...","protected":false},"author":1,"featured_media":0,"parent":0,"menu_order":0,"comment_status":"closed","ping_status":"closed","template":"","meta":{"_acf_changed":false,"footnotes":""},"class_list":["post-41","page","type-page","status-publish","hentry"],"acf":[],"yoast_head":"<!-- This site is optimized with the Yoast SEO plugin v26.8 - https:\/\/yoast.com\/product\/yoast-seo-wordpress\/ -->\n<title>Kontakt | Citro\u00ebn B\u00c9HR s. r. o.<\/title>\n<meta name=\"description\" content=\"Na\u0161a firma B\u00c9HR s. r. o. je v\u00e1m k dispoz\u00edci\u00ed v Dunajskej Strede, tak nev\u00e1hajte a pr\u00ed\u010fte n\u00e1s nav\u0161t\u00edvi\u0165 do na\u0161ej predajne.\" \/>\n<meta name=\"robots\" content=\"index, follow, max-snippet:-1, max-image-preview:large, max-video-preview:-1\" \/>\n<link rel=\"canonical\" href=\"https:\/\/behr.sk\/citroen\/dunajska-streda\/kontakt\/\" \/>\n<meta property=\"og:locale\" content=\"sk_SK\" \/>\n<meta property=\"og:type\" content=\"article\" \/>\n<meta property=\"og:title\" content=\"Kontakt | Citro\u00ebn B\u00c9HR s. r. o.\" \/>\n<meta property=\"og:description\" content=\"Na\u0161a firma B\u00c9HR s. r. o. je v\u00e1m k dispoz\u00edci\u00ed v Dunajskej Strede, tak nev\u00e1hajte a pr\u00ed\u010fte n\u00e1s nav\u0161t\u00edvi\u0165 do na\u0161ej predajne.\" \/>\n<meta property=\"og:url\" content=\"https:\/\/behr.sk\/citroen\/dunajska-streda\/kontakt\/\" \/>\n<meta property=\"og:site_name\" content=\"Citroen BEHR Dunajsk\u00e1 Streda\" \/>\n<meta property=\"article:modified_time\" content=\"2026-02-17T14:40:13+00:00\" \/>\n<meta name=\"twitter:card\" content=\"summary_large_image\" \/>\n<meta name=\"twitter:label1\" content=\"Predpokladan\u00fd \u010das \u010d\u00edtania\" \/>\n\t<meta name=\"twitter:data1\" content=\"1 min\u00fata\" \/>\n<script type=\"application\/ld+json\" class=\"yoast-schema-graph\">{\"@context\":\"https:\/\/schema.org\",\"@graph\":[{\"@type\":\"WebPage\",\"@id\":\"https:\/\/behr.sk\/citroen\/dunajska-streda\/kontakt\/\",\"url\":\"https:\/\/behr.sk\/citroen\/dunajska-streda\/kontakt\/\",\"name\":\"Kontakt | Citro\u00ebn B\u00c9HR s. r. o.\",\"isPartOf\":{\"@id\":\"https:\/\/behr.sk\/citroen\/dunajska-streda\/#website\"},\"datePublished\":\"2023-05-22T09:05:25+00:00\",\"dateModified\":\"2026-02-17T14:40:13+00:00\",\"description\":\"Na\u0161a firma B\u00c9HR s. r. o. je v\u00e1m k dispoz\u00edci\u00ed v Dunajskej Strede, tak nev\u00e1hajte a pr\u00ed\u010fte n\u00e1s nav\u0161t\u00edvi\u0165 do na\u0161ej predajne.\",\"breadcrumb\":{\"@id\":\"https:\/\/behr.sk\/citroen\/dunajska-streda\/kontakt\/#breadcrumb\"},\"inLanguage\":\"sk-SK\",\"potentialAction\":[{\"@type\":\"ReadAction\",\"target\":[\"https:\/\/behr.sk\/citroen\/dunajska-streda\/kontakt\/\"]}]},{\"@type\":\"BreadcrumbList\",\"@id\":\"https:\/\/behr.sk\/citroen\/dunajska-streda\/kontakt\/#breadcrumb\",\"itemListElement\":[{\"@type\":\"ListItem\",\"position\":1,\"name\":\"Domovsk\u00e1 str\u00e1nka\",\"item\":\"https:\/\/behr.sk\/citroen\/dunajska-streda\/\"},{\"@type\":\"ListItem\",\"position\":2,\"name\":\"Kontakt\"}]},{\"@type\":\"WebSite\",\"@id\":\"https:\/\/behr.sk\/citroen\/dunajska-streda\/#website\",\"url\":\"https:\/\/behr.sk\/citroen\/dunajska-streda\/\",\"name\":\"Citroen BEHR Dunajsk\u00e1 Streda\",\"description\":\"\",\"potentialAction\":[{\"@type\":\"SearchAction\",\"target\":{\"@type\":\"EntryPoint\",\"urlTemplate\":\"https:\/\/behr.sk\/citroen\/dunajska-streda\/?s={search_term_string}\"},\"query-input\":{\"@type\":\"PropertyValueSpecification\",\"valueRequired\":true,\"valueName\":\"search_term_string\"}}],\"inLanguage\":\"sk-SK\"}]}<\/script>\n<!-- \/ Yoast SEO plugin. -->","yoast_head_json":{"title":"Kontakt | Citro\u00ebn B\u00c9HR s. r. o.","description":"Na\u0161a firma B\u00c9HR s. r. o. je v\u00e1m k dispoz\u00edci\u00ed v Dunajskej Strede, tak nev\u00e1hajte a pr\u00ed\u010fte n\u00e1s nav\u0161t\u00edvi\u0165 do na\u0161ej predajne.","robots":{"index":"index","follow":"follow","max-snippet":"max-snippet:-1","max-image-preview":"max-image-preview:large","max-video-preview":"max-video-preview:-1"},"canonical":"https:\/\/behr.sk\/citroen\/dunajska-streda\/kontakt\/","og_locale":"sk_SK","og_type":"article","og_title":"Kontakt | Citro\u00ebn B\u00c9HR s. r. o.","og_description":"Na\u0161a firma B\u00c9HR s. r. o. je v\u00e1m k dispoz\u00edci\u00ed v Dunajskej Strede, tak nev\u00e1hajte a pr\u00ed\u010fte n\u00e1s nav\u0161t\u00edvi\u0165 do na\u0161ej predajne.","og_url":"https:\/\/behr.sk\/citroen\/dunajska-streda\/kontakt\/","og_site_name":"Citroen BEHR Dunajsk\u00e1 Streda","article_modified_time":"2026-02-17T14:40:13+00:00","twitter_card":"summary_large_image","twitter_misc":{"Predpokladan\u00fd \u010das \u010d\u00edtania":"1 min\u00fata"},"schema":{"@context":"https:\/\/schema.org","@graph":[{"@type":"WebPage","@id":"https:\/\/behr.sk\/citroen\/dunajska-streda\/kontakt\/","url":"https:\/\/behr.sk\/citroen\/dunajska-streda\/kontakt\/","name":"Kontakt | Citro\u00ebn B\u00c9HR s. r. o.","isPartOf":{"@id":"https:\/\/behr.sk\/citroen\/dunajska-streda\/#website"},"datePublished":"2023-05-22T09:05:25+00:00","dateModified":"2026-02-17T14:40:13+00:00","description":"Na\u0161a firma B\u00c9HR s. r. o. je v\u00e1m k dispoz\u00edci\u00ed v Dunajskej Strede, tak nev\u00e1hajte a pr\u00ed\u010fte n\u00e1s nav\u0161t\u00edvi\u0165 do na\u0161ej predajne.","breadcrumb":{"@id":"https:\/\/behr.sk\/citroen\/dunajska-streda\/kontakt\/#breadcrumb"},"inLanguage":"sk-SK","potentialAction":[{"@type":"ReadAction","target":["https:\/\/behr.sk\/citroen\/dunajska-streda\/kontakt\/"]}]},{"@type":"BreadcrumbList","@id":"https:\/\/behr.sk\/citroen\/dunajska-streda\/kontakt\/#breadcrumb","itemListElement":[{"@type":"ListItem","position":1,"name":"Domovsk\u00e1 str\u00e1nka","item":"https:\/\/behr.sk\/citroen\/dunajska-streda\/"},{"@type":"ListItem","position":2,"name":"Kontakt"}]},{"@type":"WebSite","@id":"https:\/\/behr.sk\/citroen\/dunajska-streda\/#website","url":"https:\/\/behr.sk\/citroen\/dunajska-streda\/","name":"Citroen BEHR Dunajsk\u00e1 Streda","description":"","potentialAction":[{"@type":"SearchAction","target":{"@type":"EntryPoint","urlTemplate":"https:\/\/behr.sk\/citroen\/dunajska-streda\/?s={search_term_string}"},"query-input":{"@type":"PropertyValueSpecification","valueRequired":true,"valueName":"search_term_string"}}],"inLanguage":"sk-SK"}]}},"_links":{"self":[{"href":"https:\/\/behr.sk\/citroen\/dunajska-streda\/wp-json\/wp\/v2\/pages\/41","targetHints":{"allow":["GET"]}}],"collection":[{"href":"https:\/\/behr.sk\/citroen\/dunajska-streda\/wp-json\/wp\/v2\/pages"}],"about":[{"href":"https:\/\/behr.sk\/citroen\/dunajska-streda\/wp-json\/wp\/v2\/types\/page"}],"author":[{"embeddable":true,"href":"https:\/\/behr.sk\/citroen\/dunajska-streda\/wp-json\/wp\/v2\/users\/1"}],"replies":[{"embeddable":true,"href":"https:\/\/behr.sk\/citroen\/dunajska-streda\/wp-json\/wp\/v2\/comments?post=41"}],"version-history":[{"count":28,"href":"https:\/\/behr.sk\/citroen\/dunajska-streda\/wp-json\/wp\/v2\/pages\/41\/revisions"}],"predecessor-version":[{"id":642140,"href":"https:\/\/behr.sk\/citroen\/dunajska-streda\/wp-json\/wp\/v2\/pages\/41\/revisions\/642140"}],"wp:attachment":[{"href":"https:\/\/behr.sk\/citroen\/dunajska-streda\/wp-json\/wp\/v2\/media?parent=41"}],"curies":[{"name":"wp","href":"https:\/\/api.w.org\/{rel}","templated":true}]}}