{"id":643340,"date":"2026-04-17T12:00:29","date_gmt":"2026-04-17T10:00:29","guid":{"rendered":"https:\/\/behr.sk\/citroen\/trnava\/produkt\/hyundai-i30-1-5-t-gdi-mhev-imt-family\/"},"modified":"2026-04-17T12:00:30","modified_gmt":"2026-04-17T10:00:30","slug":"hyundai-i30-1-5-t-gdi-mhev-imt-family","status":"publish","type":"product","link":"https:\/\/behr.sk\/citroen\/trnava\/produkt\/hyundai-i30-1-5-t-gdi-mhev-imt-family\/","title":{"rendered":"Hyundai i30 1.5 T-GDi mHEV iMT Family"},"content":{"rendered":"<p>ABS, Airbagy &#8211; po\u010det, Alarm, ASR, Brzdov\u00fd asistent, Centr\u00e1lne zamykanie, Deaktiv\u00e1cia airbagov, ESP, Imobiliz\u00e9r, Isofix, Parkovacia kamera, Syst\u00e9m kontroly tlaku v pneumatik\u00e1ch (TPMS), Autor\u00e1dio, Bluetooth handsfree, Dia\u013ekov\u00e9 ovl\u00e1danie zamykania, Dotykov\u00fd displej, Elektrick\u00e9 okn\u00e1, Elektrick\u00e9 zrkadl\u00e1, Klimatiz\u00e1cia, Lak\u0165ov\u00e1 opierka, LED svietenie, Multifunk\u010dn\u00fd volant, Palubn\u00fd po\u010d\u00edta\u010d, Parkovacie senzory, Tempomat, Vyhrievan\u00e9 seda\u010dky, Vyhrievan\u00e9 zrkadl\u00e1, Vyhrievan\u00fd volant, Vonkaj\u0161\u00ed teplomer, Apple CarPlay, Android Auto, Asistent jazdn\u00fdch pruhov, Hlin\u00edkov\u00e9 disky, Hmlovky, Sez\u00f3nne prezutie, Sveteln\u00fd senzor<\/p>\n","protected":false},"excerpt":{"rendered":"<p>ABS, Airbagy &#8211; po\u010det, Alarm, ASR, Brzdov\u00fd asistent, Centr\u00e1lne zamykanie, Deaktiv\u00e1cia airbagov, ESP, Imobiliz\u00e9r, Isofix, Parkovacia kamera, Syst\u00e9m kontroly tlaku v pneumatik\u00e1ch (TPMS), Autor\u00e1dio, Bluetooth handsfree, Dia\u013ekov\u00e9 ovl\u00e1danie zamykania, Dotykov\u00fd displej, Elektrick\u00e9 okn\u00e1, Elektrick\u00e9 zrkadl\u00e1, Klimatiz\u00e1cia, Lak\u0165ov\u00e1 opierka, LED svietenie, Multifunk\u010dn\u00fd volant, Palubn\u00fd po\u010d\u00edta\u010d, Parkovacie senzory, Tempomat, Vyhrievan\u00e9 seda\u010dky, Vyhrievan\u00e9 zrkadl\u00e1, Vyhrievan\u00fd volant, Vonkaj\u0161\u00ed teplomer,&#8230;<\/p>\n","protected":false},"featured_media":643341,"template":"","meta":{"_acf_changed":false},"product_cat":[60],"product_tag":[84],"class_list":{"0":"post-643340","1":"product","2":"type-product","3":"status-publish","4":"has-post-thumbnail","6":"product_cat-hyundai","7":"product_tag-i30","8":"pa_akost-jazdene-vozidlo","9":"pa_stav-pouzivane","11":"first","12":"instock","13":"purchasable","14":"product-type-simple"},"acf":[],"yoast_head":"<!-- This site is optimized with the Yoast SEO plugin v26.8 - https:\/\/yoast.com\/product\/yoast-seo-wordpress\/ -->\n<title>Hyundai i30 1.5 T-GDi mHEV iMT Family - Citroen BEHR Trnava<\/title>\n<meta name=\"robots\" content=\"index, follow, max-snippet:-1, max-image-preview:large, max-video-preview:-1\" \/>\n<link rel=\"canonical\" href=\"https:\/\/behr.sk\/citroen\/trnava\/produkt\/hyundai-i30-1-5-t-gdi-mhev-imt-family\/\" \/>\n<meta property=\"og:locale\" content=\"sk_SK\" \/>\n<meta property=\"og:type\" content=\"article\" \/>\n<meta property=\"og:title\" content=\"Hyundai i30 1.5 T-GDi mHEV iMT Family - Citroen BEHR Trnava\" \/>\n<meta property=\"og:description\" content=\"ABS, Airbagy &#8211; po\u010det, Alarm, ASR, Brzdov\u00fd asistent, Centr\u00e1lne zamykanie, Deaktiv\u00e1cia airbagov, ESP, Imobiliz\u00e9r, Isofix, Parkovacia kamera, Syst\u00e9m kontroly tlaku v pneumatik\u00e1ch (TPMS), Autor\u00e1dio, Bluetooth handsfree, Dia\u013ekov\u00e9 ovl\u00e1danie zamykania, Dotykov\u00fd displej, Elektrick\u00e9 okn\u00e1, Elektrick\u00e9 zrkadl\u00e1, Klimatiz\u00e1cia, Lak\u0165ov\u00e1 opierka, LED svietenie, Multifunk\u010dn\u00fd volant, Palubn\u00fd po\u010d\u00edta\u010d, Parkovacie senzory, Tempomat, Vyhrievan\u00e9 seda\u010dky, Vyhrievan\u00e9 zrkadl\u00e1, Vyhrievan\u00fd volant, Vonkaj\u0161\u00ed teplomer,...\" \/>\n<meta property=\"og:url\" content=\"https:\/\/behr.sk\/citroen\/trnava\/produkt\/hyundai-i30-1-5-t-gdi-mhev-imt-family\/\" \/>\n<meta property=\"og:site_name\" content=\"Citroen BEHR Trnava\" \/>\n<meta property=\"article:modified_time\" content=\"2026-04-17T10:00:30+00:00\" \/>\n<meta property=\"og:image\" content=\"https:\/\/behr.sk\/citroen\/trnava\/wp-content\/uploads\/sites\/2\/2026\/03\/fjYytT17q_fss.jpeg\" \/>\n\t<meta property=\"og:image:width\" content=\"1440\" \/>\n\t<meta property=\"og:image:height\" content=\"1080\" \/>\n\t<meta property=\"og:image:type\" content=\"image\/jpeg\" \/>\n<meta name=\"twitter:card\" content=\"summary_large_image\" \/>\n<script type=\"application\/ld+json\" class=\"yoast-schema-graph\">{\"@context\":\"https:\/\/schema.org\",\"@graph\":[{\"@type\":\"WebPage\",\"@id\":\"https:\/\/behr.sk\/citroen\/trnava\/produkt\/hyundai-i30-1-5-t-gdi-mhev-imt-family\/\",\"url\":\"https:\/\/behr.sk\/citroen\/trnava\/produkt\/hyundai-i30-1-5-t-gdi-mhev-imt-family\/\",\"name\":\"Hyundai i30 1.5 T-GDi mHEV iMT Family - Citroen BEHR Trnava\",\"isPartOf\":{\"@id\":\"https:\/\/behr.sk\/citroen\/trnava\/#website\"},\"primaryImageOfPage\":{\"@id\":\"https:\/\/behr.sk\/citroen\/trnava\/produkt\/hyundai-i30-1-5-t-gdi-mhev-imt-family\/#primaryimage\"},\"image\":{\"@id\":\"https:\/\/behr.sk\/citroen\/trnava\/produkt\/hyundai-i30-1-5-t-gdi-mhev-imt-family\/#primaryimage\"},\"thumbnailUrl\":\"https:\/\/behr.sk\/citroen\/trnava\/wp-content\/uploads\/sites\/2\/2026\/03\/fjYytT17q_fss.jpeg\",\"datePublished\":\"2026-04-17T10:00:29+00:00\",\"dateModified\":\"2026-04-17T10:00:30+00:00\",\"breadcrumb\":{\"@id\":\"https:\/\/behr.sk\/citroen\/trnava\/produkt\/hyundai-i30-1-5-t-gdi-mhev-imt-family\/#breadcrumb\"},\"inLanguage\":\"sk-SK\",\"potentialAction\":[{\"@type\":\"ReadAction\",\"target\":[\"https:\/\/behr.sk\/citroen\/trnava\/produkt\/hyundai-i30-1-5-t-gdi-mhev-imt-family\/\"]}]},{\"@type\":\"ImageObject\",\"inLanguage\":\"sk-SK\",\"@id\":\"https:\/\/behr.sk\/citroen\/trnava\/produkt\/hyundai-i30-1-5-t-gdi-mhev-imt-family\/#primaryimage\",\"url\":\"https:\/\/behr.sk\/citroen\/trnava\/wp-content\/uploads\/sites\/2\/2026\/03\/fjYytT17q_fss.jpeg\",\"contentUrl\":\"https:\/\/behr.sk\/citroen\/trnava\/wp-content\/uploads\/sites\/2\/2026\/03\/fjYytT17q_fss.jpeg\",\"width\":1440,\"height\":1080},{\"@type\":\"BreadcrumbList\",\"@id\":\"https:\/\/behr.sk\/citroen\/trnava\/produkt\/hyundai-i30-1-5-t-gdi-mhev-imt-family\/#breadcrumb\",\"itemListElement\":[{\"@type\":\"ListItem\",\"position\":1,\"name\":\"Produkty\",\"item\":\"https:\/\/behr.sk\/citroen\/trnava\/obchod\/\"},{\"@type\":\"ListItem\",\"position\":2,\"name\":\"Hyundai i30 1.5 T-GDi mHEV iMT Family\"}]},{\"@type\":\"WebSite\",\"@id\":\"https:\/\/behr.sk\/citroen\/trnava\/#website\",\"url\":\"https:\/\/behr.sk\/citroen\/trnava\/\",\"name\":\"Citroen BEHR Trnava\",\"description\":\"\",\"potentialAction\":[{\"@type\":\"SearchAction\",\"target\":{\"@type\":\"EntryPoint\",\"urlTemplate\":\"https:\/\/behr.sk\/citroen\/trnava\/?s={search_term_string}\"},\"query-input\":{\"@type\":\"PropertyValueSpecification\",\"valueRequired\":true,\"valueName\":\"search_term_string\"}}],\"inLanguage\":\"sk-SK\"}]}<\/script>\n<!-- \/ Yoast SEO plugin. -->","yoast_head_json":{"title":"Hyundai i30 1.5 T-GDi mHEV iMT Family - Citroen BEHR Trnava","robots":{"index":"index","follow":"follow","max-snippet":"max-snippet:-1","max-image-preview":"max-image-preview:large","max-video-preview":"max-video-preview:-1"},"canonical":"https:\/\/behr.sk\/citroen\/trnava\/produkt\/hyundai-i30-1-5-t-gdi-mhev-imt-family\/","og_locale":"sk_SK","og_type":"article","og_title":"Hyundai i30 1.5 T-GDi mHEV iMT Family - Citroen BEHR Trnava","og_description":"ABS, Airbagy &#8211; po\u010det, Alarm, ASR, Brzdov\u00fd asistent, Centr\u00e1lne zamykanie, Deaktiv\u00e1cia airbagov, ESP, Imobiliz\u00e9r, Isofix, Parkovacia kamera, Syst\u00e9m kontroly tlaku v pneumatik\u00e1ch (TPMS), Autor\u00e1dio, Bluetooth handsfree, Dia\u013ekov\u00e9 ovl\u00e1danie zamykania, Dotykov\u00fd displej, Elektrick\u00e9 okn\u00e1, Elektrick\u00e9 zrkadl\u00e1, Klimatiz\u00e1cia, Lak\u0165ov\u00e1 opierka, LED svietenie, Multifunk\u010dn\u00fd volant, Palubn\u00fd po\u010d\u00edta\u010d, Parkovacie senzory, Tempomat, Vyhrievan\u00e9 seda\u010dky, Vyhrievan\u00e9 zrkadl\u00e1, Vyhrievan\u00fd volant, Vonkaj\u0161\u00ed teplomer,...","og_url":"https:\/\/behr.sk\/citroen\/trnava\/produkt\/hyundai-i30-1-5-t-gdi-mhev-imt-family\/","og_site_name":"Citroen BEHR Trnava","article_modified_time":"2026-04-17T10:00:30+00:00","og_image":[{"width":1440,"height":1080,"url":"https:\/\/behr.sk\/citroen\/trnava\/wp-content\/uploads\/sites\/2\/2026\/03\/fjYytT17q_fss.jpeg","type":"image\/jpeg"}],"twitter_card":"summary_large_image","schema":{"@context":"https:\/\/schema.org","@graph":[{"@type":"WebPage","@id":"https:\/\/behr.sk\/citroen\/trnava\/produkt\/hyundai-i30-1-5-t-gdi-mhev-imt-family\/","url":"https:\/\/behr.sk\/citroen\/trnava\/produkt\/hyundai-i30-1-5-t-gdi-mhev-imt-family\/","name":"Hyundai i30 1.5 T-GDi mHEV iMT Family - Citroen BEHR Trnava","isPartOf":{"@id":"https:\/\/behr.sk\/citroen\/trnava\/#website"},"primaryImageOfPage":{"@id":"https:\/\/behr.sk\/citroen\/trnava\/produkt\/hyundai-i30-1-5-t-gdi-mhev-imt-family\/#primaryimage"},"image":{"@id":"https:\/\/behr.sk\/citroen\/trnava\/produkt\/hyundai-i30-1-5-t-gdi-mhev-imt-family\/#primaryimage"},"thumbnailUrl":"https:\/\/behr.sk\/citroen\/trnava\/wp-content\/uploads\/sites\/2\/2026\/03\/fjYytT17q_fss.jpeg","datePublished":"2026-04-17T10:00:29+00:00","dateModified":"2026-04-17T10:00:30+00:00","breadcrumb":{"@id":"https:\/\/behr.sk\/citroen\/trnava\/produkt\/hyundai-i30-1-5-t-gdi-mhev-imt-family\/#breadcrumb"},"inLanguage":"sk-SK","potentialAction":[{"@type":"ReadAction","target":["https:\/\/behr.sk\/citroen\/trnava\/produkt\/hyundai-i30-1-5-t-gdi-mhev-imt-family\/"]}]},{"@type":"ImageObject","inLanguage":"sk-SK","@id":"https:\/\/behr.sk\/citroen\/trnava\/produkt\/hyundai-i30-1-5-t-gdi-mhev-imt-family\/#primaryimage","url":"https:\/\/behr.sk\/citroen\/trnava\/wp-content\/uploads\/sites\/2\/2026\/03\/fjYytT17q_fss.jpeg","contentUrl":"https:\/\/behr.sk\/citroen\/trnava\/wp-content\/uploads\/sites\/2\/2026\/03\/fjYytT17q_fss.jpeg","width":1440,"height":1080},{"@type":"BreadcrumbList","@id":"https:\/\/behr.sk\/citroen\/trnava\/produkt\/hyundai-i30-1-5-t-gdi-mhev-imt-family\/#breadcrumb","itemListElement":[{"@type":"ListItem","position":1,"name":"Produkty","item":"https:\/\/behr.sk\/citroen\/trnava\/obchod\/"},{"@type":"ListItem","position":2,"name":"Hyundai i30 1.5 T-GDi mHEV iMT Family"}]},{"@type":"WebSite","@id":"https:\/\/behr.sk\/citroen\/trnava\/#website","url":"https:\/\/behr.sk\/citroen\/trnava\/","name":"Citroen BEHR Trnava","description":"","potentialAction":[{"@type":"SearchAction","target":{"@type":"EntryPoint","urlTemplate":"https:\/\/behr.sk\/citroen\/trnava\/?s={search_term_string}"},"query-input":{"@type":"PropertyValueSpecification","valueRequired":true,"valueName":"search_term_string"}}],"inLanguage":"sk-SK"}]}},"_links":{"self":[{"href":"https:\/\/behr.sk\/citroen\/trnava\/wp-json\/wp\/v2\/product\/643340","targetHints":{"allow":["GET"]}}],"collection":[{"href":"https:\/\/behr.sk\/citroen\/trnava\/wp-json\/wp\/v2\/product"}],"about":[{"href":"https:\/\/behr.sk\/citroen\/trnava\/wp-json\/wp\/v2\/types\/product"}],"wp:featuredmedia":[{"embeddable":true,"href":"https:\/\/behr.sk\/citroen\/trnava\/wp-json\/wp\/v2\/media\/643341"}],"wp:attachment":[{"href":"https:\/\/behr.sk\/citroen\/trnava\/wp-json\/wp\/v2\/media?parent=643340"}],"wp:term":[{"taxonomy":"product_cat","embeddable":true,"href":"https:\/\/behr.sk\/citroen\/trnava\/wp-json\/wp\/v2\/product_cat?post=643340"},{"taxonomy":"product_tag","embeddable":true,"href":"https:\/\/behr.sk\/citroen\/trnava\/wp-json\/wp\/v2\/product_tag?post=643340"}],"curies":[{"name":"wp","href":"https:\/\/api.w.org\/{rel}","templated":true}]}}

<p>ABS, Airbagy &#8211; počet, Alarm, ASR, Brzdový asistent, Centrálne zamykanie, Deaktivácia airbagov, ESP, Imobilizér, Isofix, Parkovacia kamera, Systém kontroly tlaku v pneumatikách (TPMS), Autorádio, Bluetooth handsfree, Diaľkové ovládanie zamykania, Dotykový displej, Elektrické okná, Elektrické zrkadlá, Klimatizácia, Lakťová opierka, LED svietenie, Multifunkčný volant, Palubný počítač, Parkovacie senzory, Tempomat, Vyhrievané sedačky, Vyhrievané zrkadlá, Vyhrievaný volant, Vonkajší teplomer, Apple CarPlay, Android Auto, Asistent jazdných pruhov, Hliníkové disky, Hmlovky, Sezónne prezutie, Svetelný senzor</p>

<p>ABS, Airbagy &#8211; počet, Alarm, ASR, Brzdový asistent, Centrálne zamykanie, Deaktivácia airbagov, ESP, Imobilizér, Isofix, Parkovacia kamera, Systém kontroly tlaku v pneumatikách (TPMS), Autorádio, Bluetooth handsfree, Diaľkové ovládanie zamykania, Dotykový displej, Elektrické okná, Elektrické zrkadlá, Klimatizácia, Lakťová opierka, LED svietenie, Multifunkčný volant, Palubný počítač, Parkovacie senzory, Tempomat, Vyhrievané sedačky, Vyhrievané zrkadlá, Vyhrievaný volant, Vonkajší teplomer,&#8230;</p>

<!-- This site is optimized with the Yoast SEO plugin v26.8 - https://yoast.com/product/yoast-seo-wordpress/ -->
<title>Hyundai i30 1.5 T-GDi mHEV iMT Family - Citroen BEHR Trnava</title>
<meta name="robots" content="index, follow, max-snippet:-1, max-image-preview:large, max-video-preview:-1" />
<link rel="canonical" href="https://behr.sk/citroen/trnava/produkt/hyundai-i30-1-5-t-gdi-mhev-imt-family/" />
<meta property="og:locale" content="sk_SK" />
<meta property="og:type" content="article" />
<meta property="og:title" content="Hyundai i30 1.5 T-GDi mHEV iMT Family - Citroen BEHR Trnava" />
<meta property="og:description" content="ABS, Airbagy &#8211; počet, Alarm, ASR, Brzdový asistent, Centrálne zamykanie, Deaktivácia airbagov, ESP, Imobilizér, Isofix, Parkovacia kamera, Systém kontroly tlaku v pneumatikách (TPMS), Autorádio, Bluetooth handsfree, Diaľkové ovládanie zamykania, Dotykový displej, Elektrické okná, Elektrické zrkadlá, Klimatizácia, Lakťová opierka, LED svietenie, Multifunkčný volant, Palubný počítač, Parkovacie senzory, Tempomat, Vyhrievané sedačky, Vyhrievané zrkadlá, Vyhrievaný volant, Vonkajší teplomer,..." />
<meta property="og:url" content="https://behr.sk/citroen/trnava/produkt/hyundai-i30-1-5-t-gdi-mhev-imt-family/" />
<meta property="og:site_name" content="Citroen BEHR Trnava" />
<meta property="article:modified_time" content="2026-04-17T10:00:30+00:00" />
<meta property="og:image" content="https://behr.sk/citroen/trnava/wp-content/uploads/sites/2/2026/03/fjYytT17q_fss.jpeg" />
	<meta property="og:image:width" content="1440" />
	<meta property="og:image:height" content="1080" />
	<meta property="og:image:type" content="image/jpeg" />
<meta name="twitter:card" content="summary_large_image" />
<script type="application/ld+json" class="yoast-schema-graph">{"@context":"https://schema.org","@graph":[{"@type":"WebPage","@id":"https://behr.sk/citroen/trnava/produkt/hyundai-i30-1-5-t-gdi-mhev-imt-family/","url":"https://behr.sk/citroen/trnava/produkt/hyundai-i30-1-5-t-gdi-mhev-imt-family/","name":"Hyundai i30 1.5 T-GDi mHEV iMT Family - Citroen BEHR Trnava","isPartOf":{"@id":"https://behr.sk/citroen/trnava/#website"},"primaryImageOfPage":{"@id":"https://behr.sk/citroen/trnava/produkt/hyundai-i30-1-5-t-gdi-mhev-imt-family/#primaryimage"},"image":{"@id":"https://behr.sk/citroen/trnava/produkt/hyundai-i30-1-5-t-gdi-mhev-imt-family/#primaryimage"},"thumbnailUrl":"https://behr.sk/citroen/trnava/wp-content/uploads/sites/2/2026/03/fjYytT17q_fss.jpeg","datePublished":"2026-04-17T10:00:29+00:00","dateModified":"2026-04-17T10:00:30+00:00","breadcrumb":{"@id":"https://behr.sk/citroen/trnava/produkt/hyundai-i30-1-5-t-gdi-mhev-imt-family/#breadcrumb"},"inLanguage":"sk-SK","potentialAction":[{"@type":"ReadAction","target":["https://behr.sk/citroen/trnava/produkt/hyundai-i30-1-5-t-gdi-mhev-imt-family/"]}]},{"@type":"ImageObject","inLanguage":"sk-SK","@id":"https://behr.sk/citroen/trnava/produkt/hyundai-i30-1-5-t-gdi-mhev-imt-family/#primaryimage","url":"https://behr.sk/citroen/trnava/wp-content/uploads/sites/2/2026/03/fjYytT17q_fss.jpeg","contentUrl":"https://behr.sk/citroen/trnava/wp-content/uploads/sites/2/2026/03/fjYytT17q_fss.jpeg","width":1440,"height":1080},{"@type":"BreadcrumbList","@id":"https://behr.sk/citroen/trnava/produkt/hyundai-i30-1-5-t-gdi-mhev-imt-family/#breadcrumb","itemListElement":[{"@type":"ListItem","position":1,"name":"Produkty","item":"https://behr.sk/citroen/trnava/obchod/"},{"@type":"ListItem","position":2,"name":"Hyundai i30 1.5 T-GDi mHEV iMT Family"}]},{"@type":"WebSite","@id":"https://behr.sk/citroen/trnava/#website","url":"https://behr.sk/citroen/trnava/","name":"Citroen BEHR Trnava","description":"","potentialAction":[{"@type":"SearchAction","target":{"@type":"EntryPoint","urlTemplate":"https://behr.sk/citroen/trnava/?s={search_term_string}"},"query-input":{"@type":"PropertyValueSpecification","valueRequired":true,"valueName":"search_term_string"}}],"inLanguage":"sk-SK"}]}</script>
<!-- / Yoast SEO plugin. -->

ABS, Airbagy &#8211; počet, Alarm, ASR, Brzdový asistent, Centrálne zamykanie, Deaktivácia airbagov, ESP, Imobilizér, Isofix, Parkovacia kamera, Systém kontroly tlaku v pneumatikách (TPMS), Autorádio, Bluetooth handsfree, Diaľkové ovládanie zamykania, Dotykový displej, Elektrické okná, Elektrické zrkadlá, Klimatizácia, Lakťová opierka, LED svietenie, Multifunkčný volant, Palubný počítač, Parkovacie senzory, Tempomat, Vyhrievané sedačky, Vyhrievané zrkadlá, Vyhrievaný volant, Vonkajší teplomer,...
